or of 160 and 6914080?
160
Calculate the highest common factor of 364904 and 424.
8
Calculate the greatest common factor of 186879 and 16324.
77
What is the greatest common factor of 44 and 870874532?
44
What is the greatest common factor of 371628 and 3148794?
5022
What is the highest common divisor of 4624 and 438304336?
4624
What is the greatest common factor of 980 and 589561532?
196
Calculate the highest common factor of 172748 and 8664.
76
What is the greatest common factor of 3 and 57665562?
3
Calculate the highest common divisor of 30 and 4262361.
3
Calculate the highest common divisor of 864 and 121023504.
432
What is the greatest common factor of 1201710 and 15170?
410
Calculate the highest common divisor of 406 and 22860418.
14
What is the highest common factor of 126695 and 90?
5
What is the highest common divisor of 132404 and 19660?
4
What is the greatest common factor of 390 and 98730?
30
What is the greatest common divisor of 342 and 472158702?
342
What is the greatest common divisor of 245 and 134764?
7
Calculate the greatest common factor of 1737974 and 42.
14
What is the greatest common factor of 34385736 and 460?
92
Calculate the greatest common divisor of 778918851 and 3059.
437
What is the highest common factor of 89694 and 582558?
906
What is the greatest common factor of 28829706 and 1128?
282
Calculate the greatest common factor of 9 and 20341389.
3
What is the greatest common factor of 245888 and 5034941?
1921
Calculate the greatest common divisor of 138414 and 7867886.
2714
What is the greatest common factor of 22115884 and 849?
283
What is the highest common divisor of 23933 and 16400839?
91
Calculate the highest common factor of 27954 and 2144693.
1553
What is the highest common divisor of 81434 and 7999?
19
What is the greatest common factor of 52379606 and 18936?
526
What is the highest common divisor of 110 and 55129570?
10
Calculate the greatest common factor of 71734410 and 180.
90
Calculate the highest common divisor of 58765 and 139840.
115
Calculate the greatest common divisor of 7609545 and 6075.
1215
What is the greatest common factor of 1822405 and 4232?
529
What is the greatest common divisor of 82 and 1914356051?
41
What is the highest common divisor of 194 and 56782?
2
Calculate the highest common divisor of 403031946 and 1878.
1878
Calculate the highest common divisor of 7248464 and 16.
16
What is the greatest common divisor of 1353360 and 15420?
60
Calculate the highest common divisor of 203 and 258555155.
29
Calculate the highest common divisor of 1310376 and 1092264.
1704
What is the highest common factor of 134106 and 17922?
618
Calculate the highest common factor of 610657 and 936059.
2113
What is the greatest common factor of 119525 and 2555786?
683
What is the highest common divisor of 8670 and 1948200?
510
Calculate the greatest common factor of 2998140 and 375.
15
Calculate the greatest common divisor of 45 and 568265610.
15
What is the highest common factor of 126919 and 325663?
169
What is the greatest common factor of 84193145 and 20?
5
What is the highest common factor of 2892 and 53441991?
723
Calculate the greatest common factor of 4258367 and 23643.
2627
What is the greatest common divisor of 233045 and 2569?
367
What is the greatest common divisor of 1193087 and 98?
7
Calculate the highest common factor of 236880 and 10615608.
3384
Calculate the highest common divisor of 7255120 and 649520.
1840
Calculate the greatest common factor of 11801890 and 74.
74
Calculate the greatest common divisor of 21158 and 4150802.
142
Calculate the highest common factor of 4743 and 3656574.
279
Calculate the greatest common divisor of 283 and 846104627.
283
What is the greatest common factor of 5139962 and 291744?
2026
Calculate the highest common factor of 13534990 and 154.
14
Calculate the greatest common divisor of 6496 and 9433760.
224
Calculate the highest common factor of 1796652 and 5904756.
5148
What is the highest common divisor of 373216 and 279056?
1712
Calculate the greatest common divisor of 16562 and 83398.
98
Calculate the highest common divisor of 31824950 and 20.
10
Calculate the highest common factor of 584 and 35122928.
584
Calculate the highest common factor of 1803464316 and 24.
12
Calculate the greatest common factor of 1410444 and 35126.
2702
Calculate the highest common divisor of 1404 and 43348266.
234
Calculate the greatest common factor of 25696 and 13251544.
584
Calculate the greatest common factor of 2488453 and 3593263.
5261
What is the greatest common factor of 92135 and 7340?
5
Calculate the highest common divisor of 6659665 and 17.
17
Calculate the greatest common factor of 5907 and 207.
3
Calculate the highest common divisor of 2051 and 14677249.
293
Calculate the highest common factor of 1507 and 1975117903.
1507
What is the highest common factor of 2535 and 30329?
13
Calculate the highest common divisor of 5817125 and 5363.
173
What is the greatest common divisor of 104054124 and 24?
12
What is the greatest common factor of 590755 and 352?
11
What is the greatest common factor of 43451380 and 2240?
140
Calculate the greatest common divisor of 5808612 and 2064.
516
Calculate the greatest common divisor of 178710864 and 6.
6
Calculate the highest common divisor of 302 and 36541547.
151
What is the greatest common divisor of 39485907 and 36567?
2151
What is the highest common factor of 2241 and 806511?
249
Calculate the greatest common factor of 2848362 and 418.
22
Calculate the highest common divisor of 1288 and 5132.
4
Calculate the greatest common divisor of 19992239 and 21239.
317
Calculate the highest common factor of 304 and 5256496.
16
What is the highest common divisor of 2319530 and 26122?
74
What is the highest common factor of 4238765169 and 863?
863
What is the highest common divisor of 55680 and 640030?
290
What is the greatest common factor of 13168695 and 60?
15
Calculate the greatest common factor of 600334847 and 21.
7
What is the greatest common factor of 30808 and 12003567?
3851
Calculate the greatest common factor of 4883 and 24928.
19
What is the greatest common factor of 171 and 77560299?
171
What is the highest common divisor of 236 and 5300147?
59
Calculate the greatest common factor of 54283405 and 1917.
71
Calculate the greatest common factor of 296 and 26778824.
296
Calculate the greatest common factor of 30278837 and 2451.
817
Calculate the highest common divisor of 1494 and 311105082.
498
What is the greatest common divisor of 4924 and 51693383?
1231
What is the greatest common divisor of 196245163 and 172?
43
Calculate the highest common factor of 7945 and 2402155.
35
Calculate the greatest common factor of 122515 and 71906.
229
What is the highest common divisor of 5038460 and 940?
20
Calculate the greatest common divisor of 19221 and 55427.
43
Calculate the greatest common divisor of 17535 and 2488755.
15
Calculate the highest common factor of 1301798 and 10245.
683
What is the highest common factor of 4731 and 3984?
249
Calculate the highest common divisor of 446592 and 3072.
384
What is the greatest common divisor of 44038 and 51764172?
454
What is the highest common divisor of 1888 and 131277301?
59
Calculate the greatest common divisor of 7746 and 26391913.
1291
Calculate the greatest common factor of 75 and 3522349725.
75
Calculate the highest common divisor of 36083232 and 7776.
2592
Calculate the greatest common divisor of 131300 and 34416356.
5252
What is the greatest common divisor of 64657 and 9895675?
1577
What is the highest common factor of 174786773 and 651?
217
Calculate the highest common divisor of 13451 and 322.
1
What is the greatest common factor of 236474755 and 165?
55
Calculate the highest common divisor of 2524906 and 2.
2
What is the highest common factor of 31021610 and 1180?
590
What is the greatest common factor of 5727479 and 25129?
1933
What is the greatest common factor of 978 and 7071266?
326
Calculate the greatest common factor of 178 and 24908252.
178
Calculate the greatest common divisor of 16 and 2889539.
1
Calculate the highest common factor of 425903255 and 335.
335
Calculate the greatest common divisor of 1795520 and 5239.
31
Calculate the greatest common divisor of 258908 and 200.
4
What is th